0. Suppose 5*k + 7*l = 5*l + 3300, 2*k - 1334 = i*l. Is k composite?
True
Let r(w) = -4 + 1 - 1 - 5*w + 26*w**2 + 9. Is r(6) prime?
True
Let b(p) = 1070*p**2 - 104*p + 11. Is b(7) composite?
False
Is ((1/7)/((-24)/(-185892)) - -4)*58 a composite number?
True
Let i(h) = 15*h**3 + 29*h**2 - 39*h - 46. Let r be i(19). Suppose 8*v = 15*v - r. Is v prime?
False
Let o = 230 + -225. Suppose -10*x - 4*k - 22055 = -13*x, -5*k = o*x - 36735. Is x a composite number?
False
Let x(v) = 2994*v**2 - 130*v - 483. Is x(-4) a composite number?
True
Let i be (14 - 17) + 5*3. Let p(u) = u**3 - 13*u**2 + 10*u + 27. Let b be p(i). Suppose 2*q + 7 = 1, -w + b*q + 35 = 0. Is w a prime number?
False
Let a = 908751 - 492580. Is a composite?
True
Suppose 67*f - 145*f = -108*f + 11797770. Is f prime?
False
Suppose 4*b - 107 = -87. Suppose -w - 18913 = -4*p, 4*p + b*w = 3*p + 4702. Is p composite?
True
Suppose 10*d - 6433 = 6847. Let c = d - 343. Is c a composite number?
True
Let j = 74 - 68. Suppose -j*c - 7033 = -19*c. Is c a prime number?
True
Let k(x) = 144*x**3 - 43*x**2 + 33*x - 26. Let a be k(-25). Is (5/(-3))/(110/a) a prime number?
True
Suppose -5813 - 16741 = -6*l. Let o = l + -2066. Is o a prime number?
True
Let k(d) = 420*d**2 + 24*d + 26. Let f be k(-1). Suppose -f*g - 33412 = -424*g. Is g a composite number?
True
Suppose -4*g = -0*g - 3*x - 94, -x - 48 = -2*g. Suppose 34 = 3*n + g. Suppose 6766 = 4*v + n*y - 97, 4*y - 5142 = -3*v. Is v prime?
False
Let g = 15870 - 8461. Suppose -134572 - g = -21*y. Is y prime?
True
Let v(w) = -w**2 + 16*w - 13. Let h be v(15). Suppose 0 = 3*k - 4*f - 4521, -2*f = h*k - 3500 + 472. Is k a prime number?
True
Suppose -2*b = 2*a + 1144, 3*a = 5*b - 1387 - 337. Let s be 1490/(-4) - 1/(-2). Let h = s - a. Is h a composite number?
True
Suppose -r + l + 8 = 6, l - 12 = -r. Suppose -r*i = -30 - 103. Is i a prime number?
True
Is -14 - (-5 + -17) - -42659 prime?
True
Let y(r) = -34*r**3 - 2*r**2 + 20*r - 251. Is y(-10) prime?
True
Let l = -85 - -89. Let t(q) = 158*q**2 + 3*q + 21. Is t(l) a prime number?
False
Let k = -13 - -6. Let d(q) = -16*q - 2. Let b be d(k). Suppose -3*h + 31 = -b. Is h composite?
False
Let g(w) = 14*w**2 + 41*w + 302. Let y be g(-10). Is (y/(-204))/(1/(-39)) a composite number?
True
Let k(o) = -33*o**2 + 9*o - 9. Let z be k(1). Is ((-9)/(-6))/(z/(-575938)) a composite number?
True
Suppose 24*a + 706224 = 4998408. Is a prime?
False
Is (79317/126)/((-1)/(-6)) a composite number?
True
Let a(c) = -18801*c - 334. Is a(-1) prime?
False
Suppose -13*t = -221 + 143. Suppose t*l - 49538 + 7046 = 0. Is l composite?
True
Suppose 4*v - 51 = 5*m - 0*m, 42 = 3*v - 5*m. Suppose v*l = 12174 + 4287. Is l prime?
False
Suppose -c = -v + 2, 2*c = -16*v + 11*v + 31. Suppose -5*s + 5*h = 2*h - 17731, -17717 = -v*s - 4*h. Is s composite?
True
Let s = -268519 + 449188. Is s composite?
True
Suppose 4*i - p - 47924 = 4*p, i - 4*p = 11992. Suppose z - 5*y - i = -3*z, -12012 = -4*z - 4*y. Is z prime?
True
Suppose v + 5 = 4*j - 4, -2*j = 3*v + 13. Let h be (3 + j)*(-1)/2 + 3. Is (-870 - h)*(-1 - 0) a composite number?
True
Let v(u) = 57457*u + 3843. Is v(19) composite?
True
Let p be (-1 - (-68)/(-24)) + (-2)/12. Let q(k) = -9*k - 33. Let r be q(p). Suppose -r*g + 1411 - 424 = 0. Is g a composite number?
True
Let p be (-6 - -612)/((-4)/34). Let n = p - -7900. Is n composite?
False
Let i = 550 + 68. Let l(q) = q**2 + 9*q - 10. Let y be l(-10). Suppose -2*t - 92 + i = y. Is t a composite number?
False
Let o(z) = -2143*z + 855. Is o(-112) a composite number?
True
Let b = 179043 - 102724. Is b composite?
True
Let j = 21741 - -35626. Is j a composite number?
False
Suppose n - 14*c - 22 = -12*c, -4*n = c - 97. Let b = -707 + 420. Is b/(-2) + 36/n prime?
False
Let n be 6/21 + (-1655)/35. Let s = -40 - n. Suppose -s*i + 11944 = -7495. Is i prime?
True
Let n = 65 + 23. Let z = n + -20. Is (19*1)/(412/z - 6) a composite number?
True
Let r = 69422 + -38973. Is r prime?
True
Let j(s) = -s**3 + s - 6. Let o be j(0). Let c be ((-8)/(-24))/(2/o). Is 4 + c/(5/(-935)) a prime number?
True
Let a = -182 + -2358. Let t be -5*(-9)/(450/(-20)). Is (t/4)/(5/a) a composite number?
True
Suppose -3*b - 5*d = 26096, 0 = 5*b - 5*d + 3*d + 43483. Let h = b + 46916. Is h a composite number?
False
Let l(r) = 285*r + 134. Let g(v) = 572*v + 270. Let w(h) = 4*g(h) - 9*l(h). Is w(-11) a prime number?
False
Suppose -30*o - 25 = -205. Suppose 2*y - 4*x - 54794 = -o*x, 0 = -4*y + 4*x + 109588. Is y prime?
True
Is 830/83 - 389386/(-2) a prime number?
False
Suppose -583358 = -7*g - 125103. Is g a composite number?
True
Is (14156/8)/((-27)/(-1566)) a prime number?
False
Let l = -535 + 538. Suppose -3*j - 40013 = -4*a, -l*j + 20029 = -15*a + 17*a. Is a composite?
False
Let a(m) = 196*m**2 - 16*m - 6. Let i = 99 - 103. Is a(i) prime?
False
Suppose -24*h = -283929 + 10857. Let w = 40165 - h. Is w a composite number?
True
Let z(c) = 26*c - 9*c + 14 - 19*c + 1419*c**2. Is z(-3) composite?
False
Let i be 5/(-10)*(3 + 0 + -29). Let u(w) = w**3 - w**2 + 22*w - 3. Let g be u(i). Suppose 3*r + 244 = g. Is r a prime number?
False
Let s be 2 + -4 - 2 - -9. Suppose 0 = 3*q - o + 1, -s*q + 2*q = 4*o + 11. Is 3 + (-2 - q - -156) prime?
False
Let w(s) = 328*s**2 + 3*s + 3. Let x be w(-2). Let c be -1 - (2 + -4) - 723. Let j = x + c. Is j prime?
True
Suppose -2*q = 2*f - 4, 8*q = 3*q - 2*f + 22. Suppose -2*t = 2*r - 2, 4*r + 2*t - 10 = q*r. Is 464*1 - (r - -3) composite?
False
Is (10123882/12 - 2) + ((-592)/(-96))/37 composite?
True
Let o = -431962 + 638419. Is o a composite number?
True
Let l(i) = -9197*i**3 + 11*i**2 - 47*i - 155. Is l(-4) a composite number?
True
Let v = 2010 - 610. Suppose 16*s = -v - 1000. Is (103/3 - -2)/((-10)/s) composite?
True
Let q be (-5358)/8 - 3/12. Let i be 4/3 - q/15. Suppose -293 = -i*m + 45*m. Is m a prime number?
True
Suppose -88*y = -63*y + 2125. Let m = y + 834. Is m prime?
False
Let o = 70 + -62. Suppose o*t - 7*t - 5557 = 0. Is t composite?
False
Let s = 2855 - 5583. Let c = s - -4314. Is 81/15 + -5 + c/10 a composite number?
True
Suppose 185585 = -316*p + 161*p + 156*p. Is p composite?
True
Let z = -181 + 186. Suppose 1253 = n - 2*x, 581 = n - z*x - 672. Is n a composite number?
True
Let y(i) = 10*i**2 - 12*i - 9. Let m(h) = -2*h. Let p(q) = 5*q. Let g(b) = 10*m(b) + 6*p(b). Let t be g(-1). Is y(t) a prime number?
False
Suppose -2*n - 8*y + 3*y = -11992, y + 5975 = n. Is n composite?
False
Let d(x) = -x**2 + 14*x + 18. Let u be d(14). Suppose -w + 3*o = -u, -4*w - 2*o = 3*o - 38. Is (3 - w/4) + (-395)/(-5) composite?
False
Let i = 9 + -6. Let b be ((-11)/i)/(11/(-231)). Suppose 6*x = -b + 6983. Is x composite?
False
Suppose 3*a - 4 = 2*a. Suppose 0 = -f - 3*g + 68, a*g = 8*g - 12. Is f a prime number?
True
Let m(p) = 128*p**2 + 88*p + 409. Is m(-34) composite?
True
Suppose -2*f = -3*x + 16561, -309*x - 27605 = -314*x + 5*f. Is x composite?
False
Let o be (3 - (0 - 1)) + 0. Suppose 4 = o*h + 4*a, 3*h + 3 - 14 = -a. Is (921/(-15))/((-1)/h) a composite number?
False
Let y = -207 - -212. Suppose -16386 = -3*u + b + 25020, 5*b - 68990 = -y*u. Is u prime?
False
Let v = 2541 + -1155. Let j = v + -940. Is j a composite number?
True
Suppose -34*l + 56*l = 12251030. Is l a composite number?
True
Let n = -203714 + 560983. Is n composite?
True
Let l be 4/(-18) - 47*1/(-9). Suppose -19 = 3*i - l*z, 2*i - 7 = i - z. Is (4558 + -47)/(1/i*2) a composite number?
True
Let p be -45*(-3)/2*(-1848)/(-10). Suppose p = 4*r - 17962. Is r a composite number?
True
Suppose 149*n - 150*n - 5*a + 7794 = 0, 2*a = n - 7787. Is n composite?
False
Let l(i) = 2*i**3 + 18*i**2 - i - 9. Let a be (-32 - -30)*8/((-2)/(-1)). Is l(a) a composite number?
False
Let c = 210310 - -388921. Is c a composite number?
False
Let r(n) = n**2 - 5*n + 4. Let w be r(4). Suppose w = f + 67 - 202. Suppose -272 = -4*q - 3*k - k, 0 = 2*q + k - f. Is q a prime number?
True
Let z be 8210/(-18) - 19/(-171). Let t = -269 - z. Is t composite?
True
Let i = 174210 - -59669. Is i a prime number?
True
Suppose 0 = -989*w + 986*w + 78927. Is w a composite number?
False
Let h(k) = 48*k**2 + 7*k - 144. Let a(o) = -o**3 - 17*o**2 + 17. Let q be a(-17). Is h(q) composite?
True
Suppose -2*b - 464*k = -461*k - 472777, -3*b - 5*